3 - (2 + -3). Let d(u) be the second derivative of -u**4/12 - u**3/6 - u**2 + u. Calculate d(v).
-8
Let h be 2 - (-2 + 1 - (-18 - -7)). Let c(q) be the first derivative of q**2/2 + 13*q - 29. Calculate c(h).
5
Let r(m) = m**2 + 9*m + 10. Let w be 92*(-2 - 30/24). Let q = w - -292. Calculate r(q).
-4
Let d(c) = 3*c**3 - 4*c**3 - 11 + 2*c + 10. Let o(r) = -r**2 - 27*r - 129. Let h be o(-6). Calculate d(h).
20
Let o(d) = d**3 + 4*d**2 - 5*d - 1. Suppose -8*h + 16 = -0. Suppose 0 = 4*q - h*u + 16, -3*u - 31 = 3*q + 2*q. Determine o(q).
-1
Let k(d) = -5*d - 1. Let b be (-3)/(-4)*3968/96. Let v = b + -33. What is k(v)?
9
Let k(t) = -t**2 - 17*t - 7. Suppose 3*p + 7*p + 6 + 104 = 0. Determine k(p).
59
Let h(b) = -b. Let v(k) = -k**2 + 8*k + 15. Let z(l) = -4*h(l) + v(l). Suppose -o + 10 = -m + 3, 5*o - 43 = 3*m. Calculate z(o).
26
Let l(m) be the third derivative of m**5/40 - m**4/8 - 49*m**3/2 + 5*m**2 + 3. Let j(r) be the first derivative of l(r). Calculate j(6).
15
Let v(o) = -o**2 - 5*o + 92. Let j = 27335 - 27346. Calculate v(j).
26
Let d(m) = -3*m**3 - 4*m**2 - 12*m - 21. Let q(g) = 4*g**3 + 8*g**2 + 17*g + 32. Let p(n) = -7*d(n) - 5*q(n). What is p(12)?
-25
Let p(u) = u + 15. Suppose -5*y + 34 = 2*d, -5*d - 4*y + y + 66 = 0. Suppose d*k + 15 = -69. Calculate p(k).
8
Suppose -34*o - 30*o = -52*o + 60. Let s(v) = -v**2 - 3*v - 11. What is s(o)?
-21
Let m(n) = -8 - 11 + 457332*n - 457348*n. Give m(-2).
13
Let k(w) be the second derivative of 7*w**3/3 + 38*w**2 - 5731*w. Determine k(-6).
-8
Let u(p) = -8*p + 12. Suppose -56*a + 379 = 31*a - 230. Give u(a).
-44
Suppose -66*k + 2*k + 492 = 18*k. Let f(v) be the third derivative of 0*v + 1/60*v**5 + 1/30*v**k - 1/6*v**3 - 1/24*v**4 + 32*v**2 + 0. What is f(-1)?
-3
Let p be 4*2 - (-33 - (-41 - -5)). Let c(r) = r**3 - 6*r**2 + 11*r - 20. What is c(p)?
10
Let t(b) be the third derivative of b**5/10 + b**4/6 - 2*b**3/3 - 3*b**2 + 139*b. Calculate t(1).
6
Let u(i) = i**2 - 19*i + 1. Let k(f) = -67*f + 2554. Let l be k(38). Calculate u(l).
-87
Suppose 0 = 5*y + 5, -3*r - 3*y - 2 = 2*y. Suppose 0 = 4*z + 2*u - 50, -3*z = 3*u - 46 + r. Let a(s) = -2*s - 1. Give a(z).
-21
Let d = -393 - -393. Suppose d = -375*r + 371*r - 8. Let p(l) be the third derivative of l**4/4 - l**3/3 + l**2. Give p(r).
-14
Let k be 2/(-13) - (19380/(-221))/(-15). Let u(v) = v**2 - 4*v - 62. Determine u(k).
-2
Let d(z) = 5*z - 12. Let k be -2 + (-6 - (-60)/(-4 - -9)). Determine d(k).
8
Let m(t) = -t. Let g(o) = o**3 + 11*o**2 + 2. Let c be g(-11). Let w be (24 - -1)*c/10. Suppose -w*q + 26 = 11. What is m(q)?
-3
Let p be (-13 - -17) + (-12)/(-2). Suppose -5*j = 3*c - p, 3*j + 10 = 8*j + 5*c. Suppose -4 = 4*a, b = -2*a - a + j. Let n(z) = 2*z - 5. Calculate n(b).
5
Suppose -44 = -8*z + 52. Let n(r) = 3 + 6 - z + r. What is n(-8)?
-11
Let v(h) = h**3 + 11*h**2 - 30*h - 220. Let k(l) = l**3 - 2*l**2 - 202*l + 93. Let s be k(15). Determine v(s).
-4
Let o(j) = -j**2 - 4*j + 1. Let m = 73 + -96. Let x = m + 95. Let a = x - 74. Determine o(a).
5
Let m(p) = -127*p + 28. Let s(b) = 95*b - 31. Let q(c) = -3*m(c) - 4*s(c). Calculate q(25).
65
Let i = 10 - 11. Let w(s) = -9*s + 49. Let y(v) = -19*v + 106. Let m(n) = -13*w(n) + 6*y(n). Give m(i).
-4
Let h be -1 + -2 - (2 + -8). Suppose 32*n = 31*n + 4, 0 = -k + 5*n - 17. Let i(p) = -3*p + 25*p**h + 3 - p**2 - 12*p**k - 12*p**3. Calculate i(3).
12
Let s(m) = -m**2 + 11*m - 22. Suppose 3*x + 63 = 13*n, -18*n + 13*n + 30 = 0. Calculate s(x).
8
Let z(f) be the first derivative of -f**4/4 + 3*f**3 - 9*f**2/2 + 1286. Suppose -2*d = 2*t + t - 32, -2*d = -t. Determine z(t).
-8
Let x be -3*(-8)/(-12)*35. Let i = x + 73. Let c(f) = -4*f**3 + 0*f**i + 7 + 2*f**3 + 6*f**2 + f**3 - 8*f. Determine c(5).
-8
Let c(l) = 163*l**2 + 26*l + 60. Let d(y) = 89*y**2 + 13*y + 30. Let i(m) = 6*c(m) - 11*d(m). Determine i(14).
16
Let c(b) = 13*b + 9. Let v(h) = 20*h + 14. Let r = -20 - -23. Suppose x = -2*p + 3*x + 26, 0 = -r*p + 5*x + 49. Let f(w) = p*c(w) - 5*v(w). What is f(-3)?
-10
Let p(w) be the third derivative of w**5/60 + w**4/8 - 5*w**3/6 - 5*w**2. Let i(s) = 4*s - 20. Suppose 28 = -4*r + 11*r. Let n be i(r). What is p(n)?
-1
Let f(t) be the second derivative of -3/2*t**2 + 3/2*t**3 - 1/6*t**4 - 255*t + 0. Calculate f(4).
1
Let h(z) = -2*z**2 - 236*z + 954. Let v be h(4). Let y(g) = g**3 + 22*g**2 - 2*g - 37. Give y(v).
7
Let i(n) = -n**3 + 4*n**2 - 14*n + 169. Let q(b) = 4*b**2 + 281*b - 797. Let s be q(-73). What is i(s)?
13
Let b(g) = -g + 10. Let p be (28/16*8)/(4/14). Let i be p/14 - 51/(-6). Give b(i).
-2
Let u be (8*(-3)/15)/((-16)/20). Suppose 0 = -4*h + 2 + 6. Let r(j) = -2*j**h - u + 4 - 7 + 9 - 4*j. Calculate r(-5).
-26
Let t(w) = -17*w**3 + 3*w**2 - 32*w + 62. Let f(m) = -10*m**3 + m**2 - 16*m + 32. Let c(o) = 5*f(o) - 3*t(o). Give c(2).
-2
Let w(f) be the first derivative of 5/2*f**2 + 1/3*f**3 - 7*f - 11. Suppose -4*u - z = 37 - 13, 2*u - 6 = 4*z. Give w(u).
-7
Suppose -3*n = -2*c - 5, 4 = 5*c - 4*n + 6. Let v(u) = -u**2 - 13 + 42*u - 52*u + 2 + c. Give v(-7).
12
Suppose -124*p + 674 = -798*p. Let r(n) be the third derivative of 0*n - 1/24*n**4 + 0*n**3 - 7/60*n**5 + 0 - n**2. What is r(p)?
-6
Suppose -33792*z + 33771*z = -273. Let q(l) = 7*l - 54. Determine q(z).
37
Let j(w) = -4*w**3 + 2*w**2 - w. Let r be -517 - 3 - (1 + -6). Let y = r + 516. Calculate j(y).
-3
Let h = -43 + 43. Let u(l) = 2*l + 7*l**3 + l**2 + h*l**3 - 2*l**3 - l. Give u(-1).
-5
Let x(i) be the first derivative of i**4/2 - 5*i**3/3 - i**2/2 - i - 4720. Determine x(3).
5
Suppose 0 = -21*d + 18*d + f + 29, -25 = 5*f. Let k(h) = 4*h - 7. Give k(d).
25
Let t(d) = -3*d**2 - d - 1. Suppose -5 = p - j - 9, 3*p - j = 2. Determine t(p).
-3
Let k(r) = -r**2 - 54*r - 47. Let z(s) = -2*s**3 + 47*s**2 - 240*s - 53. Let p be z(16). Give k(p).
6
Let f(n) = 4*n - 1. Let b be (-9 + 5)/(16/120). Suppose 2*w + 0*s = 2*s + 56, s - 80 = -3*w. Let k = w + b. What is f(k)?
-13
Let a(i) = i**2 + 14*i + 44. Let n(x) = x**3 + 16*x**2 - 9*x + 129. Let w be n(-17). Calculate a(w).
-5
Let n(t) = -5*t + 50. Let m(d) = 22*d - 154. Let p(q) = -2*m(q) - 7*n(q). Determine p(-9).
39
Let a(c) = -4*c - 22. Suppose 7*k - 657 + 6 = 0. Let w = k - 86. Let q(s) = -3*s - 15. Let g(z) = w*q(z) - 5*a(z). What is g(6)?
-1
Suppose -34*y + 5 = -165. Let a(j) be the second derivative of 0*j**2 - 1/6*j**3 + 4*j - 1/4*j**y + 0 + 0*j**4. Give a(-1).
6
Let q(c) be the third derivative of -c**5/20 + 4*c**4/3 + 4*c**3 + 1287*c**2. What is q(11)?
13
Let i(p) = p + 10 + p + p**2 - 3*p. Let a(y) = -11*y - 88. Let f be a(-8). Let z be f/((6 - 1) + -6). Determine i(z).
10
Let x(q) = 12*q**2 - 1. Let j(s) = s - 8. Let n(b) = 1. Let d(h) = -2*h**2 + 19*h + 4. Let p be d(10). Let f(l) = p*n(l) - j(l). Let w be f(1). What is x(w)?
11
Let c be (-26 - -8)*6/(-3). Suppose c*g - 6*g = 150. Let o(q) = -q**3 + 4*q**2 + 5*q + 6. Calculate o(g).
6
Let d(b) be the third derivative of 34*b**2 - 5/24*b**4 - 5/6*b**3 + 1/60*b**5 + 0*b + 0. Determine d(6).
1
Let z be (1 - (-45)/(-10))/(2/(-4)). Let l(f) = -24 + z + 10 + 1 + f. Suppose -4*g = -3*h - 4, 5*h = -g - 4*g + 40. Give l(g).
-2
Let w(r) = -2*r**3 + 3*r**2 + 4*r. Suppose 355 = 5*d - n + 24, 5 = -5*n. Let q = 69 - d. What is w(q)?
-15
Suppose 2363 - 2382 = 5*j + b, -j + b - 11 = 0. Let u = -8 - -12. Let m(q) = -5*q**2 - 3*q**3 - q + 2 + u*q**3 + 10*q**2. Give m(j).
7
Let k(z) be the first derivative of z**6/360 - 3*z**5/40 - z**4/3 - 3*z**3 - 19. Let a(i) be the third derivative of k(i). What is a(9)?
-8
Suppose -b = -4*p - 15, b + 2*p + 25 = 4*b. Let q(a) = -a**2 - 8*a - 20. Let k(o) = -5*o - 10. Let h(t) = 5*k(t) - 2*q(t). Give h(b).
25
Let j(h) = h - 5*h**2 - 19 - h**3 + 38 + 0 - 25. Determine j(-6).
24
Let i = 273 - 192. Suppose 4*q - 5*p - i = 0, -2*q + 3*p + 27 = -12. Let t = q + -32. Let r(o) = -o**2 - 10*o - 4. What is r(t)?
12
Let r(j) = -7*j + 4. Let f(s) = -28*s + 16. Let z(a) = 2*f(a) - 9*r(a). Let t(x) = -10*x - 53. Let n be t(-6). Let d be ((-2)/n)/((-46)/483). Calculate z(d).
17
Let k = 212 - 214. Let b be (-3)/k*(-56)/(-42). Let a(f) = -2*f**3 + 4*f**2 - 2*f - 2. Give a(b).
-6
Let f(a) = -2*a**2 + 14*a + 3. Let b(g) = -6*g**2 + 40*g + 8. Let t be 51*(48/18 + -3). Let r(s) = t*f(s) + 6*b(s). Determine r(-3).
-27
Suppose -2*m - 2